st common divisor of w and 705?
15
Suppose 2*f - 34 - 66 = -3*f. What is the highest common divisor of f and 3010?
10
Let m = 72 - 68. Let q = 196 - 80. What is the greatest common factor of q and m?
4
Let z = -8087 + 8127. Calculate the greatest common factor of z and 24.
8
Let o(w) be the second derivative of w**3/2 + 101*w**2 - 136*w. Let l be o(-49). Calculate the greatest common factor of l and 15.
5
Suppose -10*q = -3*q - 11354. Suppose 416 = -9*w + q. Suppose 4*o - w = -2*g, -o - 3 + 29 = -2*g. Calculate the highest common factor of o and 128.
32
Let t be (-252)/(-117) - 2/13. Let k be -1 + (0 - t) + (-1 - -158). Calculate the highest common divisor of 14 and k.
14
Suppose -5*q + 72 = 6*d, -56 = -5*q - 3*d + 25. Suppose 2*n = -2*a + 4*a - 462, 0 = -a - 2*n + 240. What is the greatest common divisor of q and a?
18
Suppose 138*y + 321 = 141*y. Let b = -46 + y. What is the greatest common divisor of 549 and b?
61
Suppose 2*s - 24 = -2*s. Suppose -x - s = 2*t, 0 = -7*x + 3*x - 4*t - 16. Let p be (4 + -5)/(x/360). Calculate the highest common divisor of 18 and p.
18
Suppose -x + 4*x = -3*k + 21, 0 = -3*k - 3. Let t(z) = 9*z - 71. Let u be t(x). Let h be (-158)/(-14) - 4/14. What is the highest common factor of h and u?
1
Let q be 43 - (20 - (57 + -74)). Suppose -5*a + 2475 = -3*c, 5*a + 0*c = 2*c + 2480. Calculate the highest common factor of q and a.
6
Let a be (-2)/(-23) - 8745/(-1265) - -22. Calculate the highest common divisor of a and 4321.
29
Let j = 52 + 3. Let z be (-1)/(1/4) + (j - -19). What is the highest common divisor of z and 28?
14
Suppose j - 2*f = 50, 92 = 2*j + 238*f - 240*f. What is the highest common divisor of j and 1197?
21
Suppose 178*y + 176*y - 48*y - 447984 = 0. Calculate the greatest common divisor of y and 48.
24
Suppose -3*f + 13*f = 90. Suppose 13*y + 16 = f*y. Let a be (-46)/(-2) + -3 + 0/y. Calculate the greatest common factor of a and 20.
20
Let d(m) = -2*m**2 + 220*m - 46. Let p be d(102). What is the greatest common factor of p and 351?
13
Let i be (-46)/(-16) - 3/(-24). Let p be (-9)/(i/(-1)) + (-5 - -2). Let y be (p - 3/6) + 159/6. Calculate the greatest common divisor of 13 and y.
13
Let k(b) = -6*b**3 - 5*b**2 + 9*b + 76. Let v be k(-4). What is the highest common divisor of 8084 and v?
172
Suppose 0 = 3*b + 2*b - 160. Suppose -214 = -18*i + 218. Calculate the highest common factor of i and b.
8
Let n = 44 + -31. Let h be -4 + (-5 - -9) + 48/2. Let b be (-130)/(-3)*36/h. What is the highest common divisor of b and n?
13
Let r be 812/16 - 6/8. Let c = 50 - r. Suppose c = 3*x - 2*h - 29 - 127, 2*x - 5*h = 115. Calculate the highest common divisor of x and 350.
50
Let f = -240 - -156. Let b = -83 - f. Suppose -5*c + 13 = -3*c + 3*i, -19 = -2*c + 3*i. What is the greatest common divisor of b and c?
1
Let p = -6669 + 27441. Calculate the greatest common factor of 36 and p.
36
Let v(g) = 17*g**3 + g**2 - 1. Let f = 4 - 3. Let c be v(f). Let b(r) = -6*r**2 - 321*r + 315. Let n be b(-54). What is the greatest common divisor of n and c?
17
Let j = 97 - 85. Suppose 4 = 4*o - j. What is the greatest common divisor of 28 and o?
4
Let y(w) = -w**2 + 223*w - 5785. Let f be y(30). Let d = -87 + 132. What is the greatest common divisor of d and f?
5
Suppose -2*t = 4 + 2. Let j be t + -1 + 3 + 13. Suppose 163 + 347 = 34*m. Calculate the highest common divisor of j and m.
3
Let y be ((-78)/(-9))/(8/(-9))*6552/(-189). Calculate the highest common factor of 416 and y.
26
Let o(l) = 3*l**2 - 2*l + 1. Let p be o(1). Suppose -7 = -p*j + 23. Let w be 64/26 - 1128/2444 - (-13)/1. What is the highest common divisor of w and j?
15
Let w be (877/(-12) - 3/12)*24/(-20). What is the highest common divisor of 1672 and w?
88
Suppose 5*t = -4*r + 369 - 216, 4*r - 62 = 2*t. Suppose i - 3*l - 36 = 0, 5*i + 4*l = -0*l + 161. What is the highest common divisor of i and r?
11
Suppose -53*f - 1993 = -38213 + 286. Calculate the greatest common divisor of f and 15.
3
Let j(p) be the third derivative of 0*p + 8*p**2 + 7/24*p**4 - 20/3*p**3 + 0. Let g be j(6). What is the greatest common divisor of 2 and g?
2
Let b = 1024 - 949. Let l(y) = 5*y + 1. Let t(q) = q + 1. Let p(f) = -l(f) - 2*t(f). Let o be p(-4). Calculate the greatest common divisor of b and o.
25
Suppose 8*o - 12*o = -2904. Suppose 0 = -9*g + 84 + o. Calculate the highest common factor of 36 and g.
18
Let m = -41294 + 86364. Calculate the greatest common factor of m and 10.
10
Suppose 606*z = 4590792 - 1174910 + 2052662. Calculate the greatest common divisor of z and 1410.
282
Suppose 0 = -54*t + 51*t + 3. Let h be t/6 + (-3731)/(-78). What is the highest common divisor of 36 and h?
12
Suppose 3*a - 57 = 3*r, -a - r = 2*r - 31. Suppose -12*b - b = 702. Let m = b + 131. What is the greatest common divisor of a and m?
11
Let i(r) = -14*r**2 + 1021*r - 201. Let y be i(71). Calculate the highest common divisor of 884 and y.
52
Let d = -11877 + 12625. Suppose 0 = n - 8 - 14. Calculate the highest common divisor of n and d.
22
Let n be (8/12)/((-6)/27). Let w be 2 + -1 + (3 - (5 + n)). Let t be w + -2 + 2 + 31. Calculate the highest common divisor of 11 and t.
11
Let p = 54 + 16. Suppose 155 = 7*b - 97. Suppose -b*j = -789 - 219. Calculate the highest common divisor of p and j.
14
Let j = -7050 + 10040. What is the highest common factor of 130 and j?
130
Let b(a) = 17*a**2 - 5*a - 13. Let j(v) = -8*v**2 + 3*v + 6. Let g(x) = -2*b(x) - 5*j(x). Let s be g(7). Calculate the highest common factor of s and 51.
51
Let b = 1599 - 440. What is the greatest common divisor of b and 61?
61
Let g be (-7)/(182/4) - 463036/(-1196). Let y(v) = 4*v**3 - v**2 - 1. Let s be y(2). Calculate the highest common factor of s and g.
9
Suppose 274*a + 20150 = 909112 - 107514. Calculate the highest common factor of 276 and a.
92
Let t(a) = a**3 + a**2 + 2. Let y be t(0). Suppose -8 = w - 5, 13 = y*p + w. Calculate the greatest common factor of 232 and p.
8
Suppose -2*q + 178 = -2*z, -4*z + 348 = 21526*q - 21522*q. Let t(h) = h + 22. Let y be t(0). What is the greatest common divisor of y and q?
22
Suppose 3*w = -o + 18508, -3*w + 6135 + 12365 = 5*o. Let t be (-1)/((-18)/w) + (-38)/(-171). What is the highest common divisor of 49 and t?
49
Suppose 14*k = -12*k + 130. Suppose -3*i = 2*i + 3*s - 240, k*i - 240 = -4*s. Calculate the greatest common divisor of 1200 and i.
48
Suppose -3*k - 4*k + 756 = 0. Let o = 6 + 12. Let d = 36 - o. Calculate the highest common divisor of d and k.
18
Let g(k) = -63*k**3 + 7*k**2 - 13*k - 19. Let p be g(-1). Suppose 0 = -c + 5*c - 96. Suppose 0 = -s + p + c. What is the greatest common factor of 11 and s?
11
Let s be (-20)/(-30) - (1922/(-6) - -1). Suppose 0 = -62*p + 67*p - s. Calculate the greatest common factor of p and 16.
16
Suppose -6*f = -5*f - 32. Suppose f = 6*w + 2*w. Suppose -2*a + w*c = 8 - 104, c = 0. What is the greatest common divisor of a and 16?
16
Let t = 1757 + -1740. Let s be ((-1)/(-1))/(((-44)/(-1292))/11). Calculate the greatest common factor of s and t.
17
Suppose 0 = 5*v + c - 105, c = -5*v - 4*c + 125. Suppose -15*s + 81 = -69. Calculate the highest common factor of s and v.
10
Suppose -3*l + 740 = 3*g + 170, g = -3*l + 188. Let w = g + -182. What is the highest common factor of 21 and w?
3
Let c = 41 - 29. Suppose c - 2 = 5*f. Suppose f*r = -6*r + 96. Calculate the greatest common divisor of 84 and r.
12
Let z be (7 - -41)/((-6)/(-68)). Suppose z - 442 = i. What is the highest common factor of 51 and i?
51
Let d = 110 - 65. Let k(z) = -z**3 - 6*z**2 + 21*z + 26. Let y be k(-8). Let x be ((-36)/y)/(-4*4/(-56)). Calculate the greatest common factor of x and d.
9
Let w(y) = y**3 - 76*y**2 - 110*y - 240. Let u be w(78). What is the highest common divisor of 124 and u?
124
Let i be (-1051470)/(-100) + (-5 - 106/(-20)). Calculate the highest common divisor of i and 15.
15
Let o = -273 - -689. Calculate the greatest common factor of 2756 and o.
52
Suppose 234 = -3*b - 3*a, 0 = 7*a - 4*a + 3. Let l be 12/(-21) + (-2816)/b. Calculate the greatest common factor of l and 9.
9
Suppose 46*n - 2228 = 1116 + 244. What is the greatest common factor of 1443 and n?
39
Let n(z) = -z**2 + 11*z + 28. Let i be n(11). Let j be (-8)/i + (-340)/(-14). Calculate the greatest c